2 and 1521.
13
What is the highest common factor of 9485709 and 267?
267
Calculate the greatest common divisor of 31570 and 175070.
2870
Calculate the highest common factor of 154067450 and 850.
50
What is the greatest common factor of 636289452 and 36?
36
What is the highest common factor of 11655 and 5602947?
777
What is the greatest common factor of 55800 and 38698416?
2232
Calculate the greatest common factor of 672 and 2198700.
84
Calculate the highest common factor of 437 and 33181942.
19
Calculate the highest common factor of 15 and 45015045.
15
Calculate the highest common factor of 263272146 and 1424.
178
Calculate the greatest common factor of 828 and 29246616.
828
Calculate the highest common factor of 230 and 259154915.
115
What is the highest common divisor of 250515 and 12599?
293
Calculate the highest common divisor of 72356988 and 1254.
66
What is the highest common divisor of 2123 and 4621386?
11
Calculate the highest common factor of 7668 and 58572018.
3834
Calculate the greatest common factor of 461200 and 614560.
80
Calculate the highest common divisor of 599342960 and 80.
80
What is the highest common factor of 97308 and 4578246?
954
Calculate the greatest common divisor of 17462648 and 3184.
1592
Calculate the highest common factor of 31711160 and 8.
8
Calculate the highest common factor of 161 and 22435259.
7
What is the highest common divisor of 52130226 and 25230?
5046
What is the highest common factor of 245 and 551215?
35
What is the greatest common divisor of 16796604 and 1020?
12
What is the greatest common divisor of 9066940 and 1860?
20
Calculate the greatest common factor of 10638478 and 318.
106
What is the greatest common factor of 295737660 and 57?
57
What is the greatest common divisor of 3523340756 and 13234?
13234
Calculate the greatest common factor of 2268 and 74186.
14
Calculate the highest common divisor of 21715 and 6484615.
215
Calculate the greatest common divisor of 9826 and 1352.
2
Calculate the greatest common divisor of 34 and 3583277.
17
Calculate the highest common divisor of 720188 and 43610.
1246
What is the highest common divisor of 1384 and 307421?
173
What is the highest common factor of 18810 and 2123?
11
What is the highest common factor of 65637 and 658801?
2431
Calculate the greatest common divisor of 777 and 311269.
7
What is the highest common factor of 54397 and 2157659?
133
What is the greatest common factor of 8234 and 21409474?
358
What is the greatest common divisor of 2321 and 173035192?
2321
Calculate the highest common divisor of 103 and 661440868.
103
What is the highest common factor of 177 and 95663013?
177
What is the highest common divisor of 9236846 and 2167566?
5198
Calculate the greatest common divisor of 202380 and 13700.
20
What is the highest common divisor of 1199 and 75889?
11
What is the highest common divisor of 18648 and 33435?
9
What is the highest common factor of 668094664 and 1704?
568
What is the highest common factor of 644221 and 177?
59
What is the greatest common factor of 160368064 and 128?
64
Calculate the highest common factor of 3974033 and 392.
7
Calculate the greatest common divisor of 210608382 and 696.
174
Calculate the greatest common factor of 4846940 and 113119.
89
Calculate the greatest common divisor of 79610 and 136175.
2095
Calculate the greatest common divisor of 11715 and 685505.
355
Calculate the highest common divisor of 14214 and 27207965.
2369
What is the greatest common factor of 1458 and 219733074?
162
What is the highest common divisor of 259 and 2040957296?
259
What is the highest common factor of 484745 and 862412?
1447
What is the highest common divisor of 55584 and 16912976?
3088
Calculate the highest common factor of 48895428 and 1704.
852
What is the highest common factor of 15116331 and 1226433?
7257
What is the highest common factor of 17599196 and 1999?
1999
Calculate the highest common factor of 710 and 431071814.
142
What is the greatest common divisor of 55384 and 8372?
644
Calculate the highest common factor of 5748 and 16944.
12
Calculate the highest common divisor of 135 and 99063540.
135
What is the greatest common factor of 61207380 and 10920?
780
Calculate the greatest common factor of 86325 and 439225.
25
What is the highest common divisor of 7314940 and 1380?
20
Calculate the greatest common divisor of 66742 and 14174277.
221
Calculate the highest common divisor of 101 and 467862603.
101
What is the greatest common divisor of 67 and 65089?
1
Calculate the highest common divisor of 228 and 4956207.
57
What is the greatest common factor of 29 and 1425251052?
29
What is the highest common factor of 159 and 298064951?
53
Calculate the greatest common divisor of 95 and 457577.
19
Calculate the greatest common divisor of 13 and 1857571339.
13
Calculate the greatest common factor of 47226 and 100194126.
2778
What is the highest common divisor of 2139027 and 4664?
583
What is the greatest common divisor of 268 and 5677982?
134
Calculate the highest common divisor of 6 and 412292922.
6
What is the highest common divisor of 8045824 and 16960?
3392
Calculate the greatest common divisor of 336520 and 1000.
40
What is the greatest common divisor of 28628 and 1168512?
68
Calculate the greatest common divisor of 14175 and 289253025.
2025
Calculate the highest common factor of 6019479 and 51.
51
What is the highest common factor of 11919127 and 29436?
2453
Calculate the greatest common factor of 147302047 and 215.
43
What is the greatest common factor of 68940 and 23?
1
Calculate the greatest common factor of 1279 and 347169202.
1279
Calculate the greatest common divisor of 32 and 3089792560.
16
Calculate the greatest common factor of 18010754 and 215544.
2566
Calculate the greatest common factor of 3886111 and 5238.
97
What is the highest common factor of 1632 and 90440352?
96
Calculate the greatest common factor of 135731817 and 858.
39
What is the highest common factor of 117070 and 588404?
1018
Calculate the greatest common factor of 574 and 15761794.
82
Calculate the highest common factor of 85111213 and 15004.
341
Calculate the highest common factor of 64989 and 10096950.
249
What is the greatest common divisor of 143072 and 1560116?
1052
Calculate the highest common divisor of 972 and 8982504.
36
What is the greatest common factor of 1554 and 5532906?
222
Calculate the greatest common divisor of 194120 and 512730.
2110
What is the highest common divisor of 4862 and 3516942?
286
What is the highest common divisor of 1235797 and 3239?
79
Calculate the highest common factor of 141410 and 7564182.
358
What is the greatest common factor of 322469 and 1078?
49
What is the highest common divisor of 5335297 and 1496?
187
Calculate the greatest common divisor of 14 and 641474.
2
Calculate the greatest common divisor of 79426 and 607624.
302
What is the greatest common factor of 34 and 550625444?
34
What is the greatest common factor of 75 and 397825?
25
What is the highest common factor of 17025000 and 9988?
908
What is the highest common divisor of 39324956 and 44440?
4444
Calculate the highest common divisor of 47206880 and 224.
224
What is the greatest common divisor of 76751 and 8465969?
3337
What is the greatest common factor of 462696 and 3939?
39
Calculate the highest common factor of 324492 and 5019.
21
Calculate the greatest common factor of 21293 and 10425652.
107
What is the highest common divisor of 37252340 and 1480?
740
What is the greatest common factor of 26353981 and 2679?
47
What is the highest common divisor of 938101 and 2047?
23
Calculate the highest common divisor of 140904 and 69521.
19
Calculate the greatest common divisor of 232 and 96201439.
29
Calculate the highest common factor of 142324 and 39757900.
6188
Calculate the greatest common divisor of 2755 and 112195.
95
Calculate the highest common factor of 1625 and 7031050.
325
What is the highest common divisor of 3 and 4649801?
1
What is the greatest common divisor of 514146873 and 93?
93
What is the greatest common divisor of 336 and 14377692?
84
Calculate the greatest common divisor of 35 and 4603543.
7
Calculate the greatest common factor of 1057103 and 4370.
437
Calculate the greatest common factor of 4634245 and 209.
11
Calculate the hig